ime factors of w.
3
What are the prime factors of (-4 - -14)*2/2?
2, 5
Suppose -2*r - 1 + 39 = 0. Let l = -3 + r. List the prime factors of l.
2
Let l(o) = 4*o**2 + 5*o - 2. List the prime factors of l(-5).
73
Suppose 0 = 2*i - 4 - 0. What are the prime factors of 7 + i/(-2)*-1?
2
Suppose z = -z + 10. Let j = 3 - z. Let a = 0 - j. What are the prime factors of a?
2
Let m(z) = -z - 3. Let s be m(-7). What are the prime factors of 6/s*(-28)/(-3)?
2, 7
Suppose -3*d + 408 = -d. Let v = -34 + 12. What are the prime factors of 4/v + d/33?
2, 3
Let a = 3 + -11. Let i = 1 + a. What are the prime factors of i/(-3) + (-6)/18?
2
Suppose -5 - 7 = -4*m. What are the prime factors of 4 + 0 - (-9)/m?
7
Suppose -4*n + 10 = -14. Let m(o) = -9*o + 8*o**2 - 6*o**3 + 7*o**3 + 2*o - n - 4*o. List the prime factors of m(-9).
2, 3
Suppose -3*f + 285 = -3*p, -2*p + 125 - 588 = -5*f. List the prime factors of f.
7, 13
Let r(f) = -f**2 + f + 16. Let j be r(0). Let d = j - 10. List the prime factors of d.
2, 3
Let d = -43 - -25. List the prime factors of 4/((-16)/d)*2.
3
Suppose 4*q = 9*q - 10. Suppose -2*f = -2*s + 4, -3 - q = -f. Suppose -s*b + 23 = -3*b - k, 3*k = -5*b + 16. What are the prime factors of b?
5
Let i = -17 - -11. Let q be (-3)/((i/52)/1). Suppose 4*d = 10 + q. List the prime factors of d.
3
Suppose 3*y - 112 = -34. List the prime factors of y.
2, 13
Suppose -20 - 255 = -m. List the prime factors of m.
5, 11
Suppose -4*q + 291 = q - 3*y, 0 = -2*q + 2*y + 118. What are the prime factors of q?
3, 19
Let b(f) = -f**2 + 28*f - 26. List the prime factors of b(20).
2, 67
Let f = -15 - -18. Suppose -f*z + 60 = 2*z. List the prime factors of z.
2, 3
Let g = -20 + 42. Let p = -9 + g. What are the prime factors of p?
13
Let g = 5 - 2. Suppose 2*k + h - 82 = -k, 0 = -g*k + h + 86. What are the prime factors of k?
2, 7
Let f = -164 + 279. Suppose 2*o = -2*b - 3*o + f, 2*o = 10. List the prime factors of b.
3, 5
Let s(o) = -o**3 - 9*o**2 - 8*o + 4. Let g be s(-8). Suppose 3*m - 4*u + 23 = 0, 2*u - u - 9 = g*m. Let d = m + 4. What are the prime factors of d?
3
Suppose n - 3*b + 50 = 2*n, 100 = 2*n + 2*b. List the prime factors of n.
2, 5
Let h(r) = 94*r**2 - r - 1. What are the prime factors of h(-1)?
2, 47
Let p = -40 + 28. Let d = 19 + p. List the prime factors of d.
7
Suppose -b - 8 = -0*b. Let z(g) = 2*g**2 + 12*g + 1. List the prime factors of z(b).
3, 11
Suppose -p + 2*i + 44 = p, 0 = i. List the prime factors of p.
2, 11
Let i(p) = -9*p**2 + 2*p. Let h be i(4). Let q = -96 - h. List the prime factors of q.
2, 5
List the prime factors of 61 - (4/8)/((-3)/18).
2
Let k be (-18)/(-12)*(0 + 2). Suppose -3*w - 140 = -4*r, 7*w - k*w = 0. Suppose -p = -6*p + r. What are the prime factors of p?
7
Suppose -5*y = 2*z - 397 - 140, -108 = -y - z. What are the prime factors of y?
107
Let r(t) = -t**2 - 7*t + 5. Let l be r(-7). List the prime factors of -2 - (1 + -2)*l.
3
Let f(d) = -d**3 - 15*d**2 - 19*d + 8. List the prime factors of f(-14).
2, 3, 13
Let p be -4*(-4)/(8/(-2)). Suppose -280 = w + w. What are the prime factors of p/6 - w/12?
11
Suppose -2*i - 2*i + 20 = 0. Suppose -2 = -2*z - a - 25, 65 = -i*z - 4*a. Let f = -6 - z. What are the prime factors of f?
3
List the prime factors of 27/(1 - 8/9).
3
Let m be (62/(-2) + -1)*-2. Suppose 4*t - m = -5*h + 3*h, -5*t - 3*h = -80. What are the prime factors of t?
2
Let g(k) = -k + 2. Let x be g(6). Let s(m) = 5*m**3 - m**2. Let i be s(1). List the prime factors of 1/i - 35/x.
3
What are the prime factors of ((-74)/4)/((-3)/30)?
5, 37
Let k = 231 + -18. List the prime factors of k.
3, 71
Let r be -12*(-1 + (-21)/(-12)). Let c be 6*5/((-30)/r). Suppose v = -2*v + c. List the prime factors of v.
3
Let r be (-4)/(-12) - 14/(-3). Suppose -2*z + 84 = r*n, -n - 3*z = -z - 20. What are the prime factors of n?
2
Suppose -2*p - 3*w + 4*w = -11, w = 3. Let b = p - 3. Suppose 0*n = -b*n + 44. What are the prime factors of n?
11
Let d(z) = z**3 + 5*z**2 + 4*z - 1. Let a be d(-4). List the prime factors of (-1 - -3) + a + 18.
19
Let u = -13 + 21. Suppose -u = 2*q - 2. List the prime factors of q*1/(-3) + 1.
2
Let n = -5 - -7. Suppose 1 = o - x, 4 + 1 = n*o - x. Suppose 4*s + 14 = a, -o*a + 3*a + 9 = s. What are the prime factors of a?
2, 5
Suppose 2*k - k - 32 = 0. Suppose 126 = 3*g + 3*x, -g + 13 = -2*x - k. What are the prime factors of g?
43
Let g(d) = d**3 + 5*d**2 + 2*d - 4. Let j = 21 + -9. Suppose j = -2*r - r. List the prime factors of g(r).
2
Let f be 3/6 + (-39)/(-2). Suppose -4*t + f = 80. List the prime factors of t*(2 - (-21)/(-9)).
5
What are the prime factors of (-2)/8 + (-145)/(-20)?
7
Let j be -4 - -1 - -5 - -1. Suppose -3*y = -f + 12 - j, 0 = 2*f + y - 18. What are the prime factors of f?
3
Suppose -4*q + 5*l - 14 = -3*q, 5*l = 25. List the prime factors of q.
11
Let k = 8 + -10. What are the prime factors of (k*1)/((-4)/6)?
3
Suppose 30 = -4*x - 6. Let r(u) = u**3 - 6*u**2 + 9*u - 6. Let i be r(4). What are the prime factors of (i + x/(-3))*12?
2, 3
Let l = 58 - -90. List the prime factors of l.
2, 37
Suppose -5*k - 57 = 3*u - k, -5*u + 2*k - 69 = 0. Let q = 9 - u. What are the prime factors of q?
2, 3
Suppose 0*c = -3*c + 4*s + 33, 5*c - 50 = 5*s. Suppose 0 = 4*i - 26 - 46. Suppose c*z - 4*z = i. What are the prime factors of z?
2, 3
Let w be 68/(-20) + 4/10. Let z = w + 2. Let k = z + 3. List the prime factors of k.
2
Let q = -4 + 2. Let s be q/(-3)*(-15)/(-2). Suppose -2*w - 1 = 3*f, 0 = 3*w + s*f - 0*f + 3. What are the prime factors of w?
2
Let u(c) = 0 + 3*c**3 - c + 2*c - 1. Let o be u(1). Suppose 4*f = -3*i + 30, 0 = o*i - 6*i + 5*f + 30. List the prime factors of i.
2, 5
Suppose 5*w - 8 = 7. Let q(r) = 6*r + 6*r**2 - 8*r**3 + 3 + 4*r**w + 5*r**3. What are the prime factors of q(-4)?
11
Suppose 0 = 5*l + 2*w - 8, 5*w = -4*l + 5*l - 7. Let y be (-1 + 0 + 0)*0. Let s = l + y. What are the prime factors of s?
2
Let u(s) = s**3 - 6*s**2 - 7*s + 6. Let z be u(7). Suppose 4*l + 14 = z*l + 4*x, 5*l + 3*x = 0. List the prime factors of ((-18)/(-4))/(l/(-6)).
3
Suppose 21 - 369 = -2*c. What are the prime factors of c?
2, 3, 29
Suppose 2*m - 4 = 6*m. Let q = m - -3. List the prime factors of q.
2
Let d(k) = 2*k - 6*k**2 + 3*k**2 + 2*k**2 - 2 + 0. Let u be d(3). Let t(l) = -2*l + 2. List the prime factors of t(u).
2, 3
Let k = -2 + 1. Let z(b) = -31*b**3 + 3*b**2 + 5*b - 5. Let o(d) = -47*d**3 + 5*d**2 + 8*d - 8. Let m(i) = -5*o(i) + 8*z(i). List the prime factors of m(k).
2, 3
Let v(y) be the first derivative of y**3/3 - 5*y**2/2 + 2. Let s be v(5). Let u = s - -3. List the prime factors of u.
3
Let t(b) = -b**2 - 8*b - 10. Let f be t(-7). Let a be 2 + (-98)/2 + f. Let w = -28 - a. What are the prime factors of w?
2, 11
Let l(y) = y**3 - 4*y**2 + 5*y - 13. What are the prime factors of l(4)?
7
Suppose 3*y + 14 = 5. Let c(q) = q + 14. Let l be c(-13). List the prime factors of l + (y - -2) - -8.
2
Suppose 0 = -3*u + 6*u - 4*z + 12, -u - 9 = -3*z. Suppose -48 = -4*l - u*l. List the prime factors of l.
2, 3
Let j(t) = 22*t - 7. What are the prime factors of j(3)?
59
Let m be 6/10 + 312/(-20). Let h = 9 - m. List the prime factors of h.
2, 3
Suppose 0 = -p + 2*k + 34, -143 = 6*p - 10*p + k. List the prime factors of p.
2, 3
Suppose 0 = -k - 4*b + 55, k = 3*k - 3*b - 110. Let l be (-9)/(-6)*148/6. Let n = k - l. What are the prime factors of n?
2, 3
Let p = 81 - 57. Let y = -2 - -3. Suppose -y = -5*x + p. What are the prime factors of x?
5
Let h(n) be the second derivative of -n**3/2 - n**2/2 - 4*n. What are the prime factors of h(-3)?
2
Let x(f) = 5*f - 6. Let w be x(8). Let j = w - 19. Suppose 4*t = t + j. List the prime factors of t.
5
Let z be 1*((-3)/(-3) - 2). List the prime factors of (-40)/16*(-1 + z).
5
Let z = -17 + 21. What are the prime factors of z?
2
Let n = 33 - 8. List the prime factors of n.
5
Let p(z) = -z**2 - z**2 - 3*z + 2*z**2 + 3*z**2 + 1. List the prime factors of p(2).
7
Let r = -13 + 2. Let l = -7 - r. What are the prime factors of l?
2
Let a(o) = 5*o + 1. Let q = -7 - -5. Let u be a(q). List the prime factors of ((-6)/3)/2 - u.
2
List the prime factors of 6831/115 - (-2)/(-5).
59
Suppose -5*m + 18 = -12. Suppose -l + 17 = m. What are the prime factors of (l/(-2))/((-2)/4)?
11
Suppose -2*g = -4